(25).
432
Let m(q) = -4*q**2 + 22*q + 76. Determine m(-8).
-356
Let y(v) = 10*v - 75. Calculate y(-13).
-205
Let f(a) = -2*a**2 + 53*a + 13674. What is f(97)?
-3
Let y(p) = p**2 - 16*p + 266. Give y(0).
266
Let z(k) = 180*k + 1790. What is z(-10)?
-10
Let k(y) = -4*y**2 + 23*y + 22. Determine k(-1).
-5
Let l(j) = -j**3 + 3*j**2 - 22*j + 9. Determine l(4).
-95
Let n(a) = -6*a**3 + 560*a**2 - 188*a + 203. Give n(93).
17
Let n(f) = 4*f - 134. Determine n(13).
-82
Let u(q) = -6*q**2 - 51*q - 187. Calculate u(-11).
-352
Let v(w) = -2*w**3 + 31*w**2 + 5*w + 29. What is v(17)?
-753
Let m(n) = -3*n**3 - 9*n**2 - 23*n. Calculate m(-5).
265
Let m(g) = -7*g**3 - 48*g**2 + 10*g + 9. Determine m(-7).
-12
Let q(a) = 125*a + 720. Give q(-5).
95
Let u(l) = 2*l**2 + 2*l - 287. Give u(-12).
-23
Let k(l) = -2054*l - 10120. What is k(-5)?
150
Let c(o) = o**2 + 617*o - 3112. Give c(5).
-2
Let y(i) = 2*i**2 + 132*i + 383. Calculate y(-63).
5
Let p(r) = -7*r**2 + 292*r - 80. Calculate p(40).
400
Let d(s) = -2*s**3 - 35*s**2 + 587*s - 38. Calculate d(-28).
-10
Let w(v) = -10*v + 170. Give w(12).
50
Let n(h) = h**2 - 5*h - 99. What is n(-8)?
5
Let u(g) = 2*g**3 + 111*g**2 - 52*g + 229. Calculate u(-56).
5
Let d(k) = -3*k**3 + 12*k**2 - 6*k + 22. What is d(5)?
-83
Let i(d) = 3*d**3 - d**2 - 61*d + 131. Determine i(2).
29
Let d(h) = 2*h**3 - 32*h**2 - 14*h - 2. Calculate d(16).
-226
Let n(o) = -21*o**2 - 10*o + 1. Give n(1).
-30
Let y(u) = -137*u - 399. Determine y(-4).
149
Let v(j) = 1195*j - 1194. Calculate v(1).
1
Let d(x) = -x**3 - 41*x**2 + 87*x + 134. What is d(-43)?
91
Let g(t) = -8*t**2 + 362*t + 2. What is g(44)?
442
Let g(h) = 15*h - 180. Calculate g(13).
15
Let u(r) = r**2 + 4*r - 19. Determine u(8).
77
Let l(n) = -n + 4. Give l(51).
-47
Let m(w) = 3*w**2 - 26*w + 1. Give m(8).
-15
Let x(i) = 16*i**3 + 98*i**2 + 15*i + 13. Calculate x(-6).
-5
Let c(k) = -k**3 + 10*k**2 - 117*k + 968. Give c(9).
-4
Let i(q) = 6*q + 942. Give i(-60).
582
Let a(v) = -91*v - 1364. Give a(-15).
1
Let t(i) = 6904*i - 13810. Give t(2).
-2
Let i(c) = 2*c**3 - 25*c**2 + 8*c + 37. Give i(12).
-11
Let x(m) = -29*m**3 - 4*m**2 + 16*m + 4. Determine x(2).
-212
Let d(x) = x**3 + 11*x - 25. What is d(4)?
83
Let x(q) = -2*q**3 + 12*q**2 + 7*q - 36. What is x(4)?
56
Let m(o) = 2*o**3 - 19*o**2 - 3*o - 5. Give m(6).
-275
Let q(l) = 2*l**3 + 38*l**2 + 7*l + 88. Determine q(-19).
-45
Let g(z) = -8197*z - 65577. Give g(-8).
-1
Let w(k) = 4*k - 30. Calculate w(3).
-18
Let x(w) = -w**3 - 2*w**2 - 8*w - 7. Give x(-3).
26
Let i(n) = -805*n - 6443. What is i(-8)?
-3
Let o(h) = 2*h**2 + 160*h - 1431. Give o(-88).
-23
Let n(h) = h**2 - 518*h - 4218. Calculate n(-8).
-10
Let b(h) = -34*h + 1776. Determine b(54).
-60
Let f(u) = u**2 - 2345*u - 18815. Give f(-8).
9
Let t(w) = -9*w**2 - 28*w + 87. Determine t(2).
-5
Let h(m) = 4*m - 67. Give h(18).
5
Let y(f) = -9*f**2 - 4*f + 12. Calculate y(2).
-32
Let s(d) = -d**2 + 10*d - 3. Calculate s(10).
-3
Let a(z) = 13*z**2 - 79*z + 31. Determine a(6).
25
Let h(c) = c**3 + 15*c**2 - 16*c + 72. Calculate h(-16).
72
Let p(d) = 3*d**3 + 25*d**2 - 414*d - 3108. Calculate p(-7).
-14
Let a(x) = 31*x**3 + 497*x**2 + 13*x - 51. Give a(-16).
-3
Let i(x) = x**3 - 2*x**2 + x + 78. Determine i(0).
78
Let s(p) = 148*p + 696. Determine s(-6).
-192
Let z(o) = 14*o**3 + 54*o**2 - 443*o + 18. What is z(4)?
6
Let x(z) = 2*z**2 + 191*z + 266. What is x(-100)?
1166
Let o(i) = -i**3 + 14*i**2 + 25*i + 52. Calculate o(16).
-60
Let h(c) = 6*c**2 - 104*c - 451. Give h(-4).
61
Let q(y) = 96*y - 219. Calculate q(2).
-27
Let i(a) = -2*a**2 - 16*a - 16. What is i(-8)?
-16
Let l(j) = -j**3 + 32*j**2 - 21*j - 159. Determine l(31).
151
Let a(f) = f**2 - 29*f + 181. What is a(8)?
13
Let l(c) = -89*c**2 + 130*c - 130. Calculate l(1).
-89
Let c(g) = -4*g**3 - 209*g**2 - 250*g + 280. What is c(-51)?
25
Let z(v) = 244*v + 1459. Calculate z(-6).
-5
Let p(v) = 20*v**3 + 3*v**2 - 132*v - 408. Give p(-3).
-525
Let h(n) = 2*n**3 - 70*n**2 + 60*n + 106. Calculate h(34).
-166
Let z(l) = 3*l**2 - 100*l + 486. Calculate z(6).
-6
Let s(g) = -257*g - 2231. What is s(-9)?
82
Let p(x) = 16*x**2 + 323*x + 643. Calculate p(-18).
13
Let w(d) = -d**2 - 83*d - 743. Calculate w(-39).
973
Let q(t) = t**2 - 1258*t - 29457. Calculate q(-23).
6
Let k(y) = -y**3 + 15*y**2 - 42*y - 2. What is k(11)?
20
Let k(f) = 2*f**3 + 8*f**2 + 21*f - 28. Determine k(7).
1197
Let k(o) = 2*o**3 + 4*o**2 - 97*o + 16. Give k(6).
10
Let h(w) = -w**3 + 24*w - 2. What is h(5)?
-7
Let w(u) = 2637*u + 10554. Determine w(-4).
6
Let y(z) = 275*z + 3295. Give y(-12).
-5
Let r(v) = v**3 - 9*v**2 + 16*v. Give r(6).
-12
Let v(h) = -4*h + 108. Calculate v(6).
84
Let a(o) = -28*o**3 + 11*o**2 + 7*o - 3. Determine a(-1).
29
Let x(n) = 52*n - 459. Give x(9).
9
Let a(z) = z**3 - 42*z**2 + 8*z - 299. Give a(42).
37
Let d(a) = -a**3 - 11*a**2 - 60*a - 225. Give d(-7).
-1
Let s(q) = 2*q**3 - 11*q**2 + 4*q + 6. Determine s(5).
1
Let v(s) = -4*s**3 - 144*s**2 + 3*s + 40. Calculate v(-36).
-68
Let g(n) = -5*n**2 - 489*n - 408. What is g(-97)?
-20
Let d(k) = k**3 + 40*k**2 + 146*k + 58. Determine d(-36).
-14
Let d(b) = b**2 + 37*b + 190. Determine d(-28).
-62
Let j(o) = 54*o**2 - 13*o + 4. Give j(1).
45
Let d(u) = 73*u - 579. Give d(8).
5
Let i(z) = 3*z**2 + 2*z - 62. Calculate i(-5).
3
Let r(m) = 56*m + 3245. Calculate r(-60).
-115
Let n(y) = 45*y**2 + 30*y - 81. What is n(2)?
159
Let q(m) = m**3 + 11*m**2 - 2*m - 20. Calculate q(-11).
2
Let n(w) = w**3 - 31*w**2 - 99*w - 103. Give n(34).
-1
Let j(g) = -3345*g - 3268. Determine j(-1).
77
Let g(c) = -27*c**2 + 300*c - 39. Calculate g(11).
-6
Let i(n) = -n**3 - 7*n**2 + 20*n + 28. Calculate i(-8).
-68
Let v(s) = 64*s + 776. Give v(-12).
8
Let j(v) = -v**2 - 346*v - 19328. Give j(-276).
-8
Let i(j) = -205*j - 2475. What is i(-12)?
-15
Let n(u) = 4*u**2 - 411*u - 3070. What is n(-7)?
3
Let f(a) = a**3 + 83*a**2 - 146*a + 2048. What is f(-85)?
8
Let n(o) = -11*o**3 + 8*o**2 - 2*o - 1. What is n(1)?
-6
Let y(a) = 11*a + 236. Calculate y(-21).
5
Let v(t) = 607*t - 12751. Determine v(21).
-4
Let o(l) = -l**3 + 44*l**2 + 3*l + 343. Give o(44).
475
Let b(n) = -n**2 - 159*n - 3343. Give b(-25).
7
Let w(s) = 3*s**3 + 123*s**2 + 150*s + 1185. Determine w(-40).
-15
Let i(b) = -b**3 - 26*b**2 - 62*b - 614. What is i(-25)?
311
Let x(q) = q**3 - 6*q**2 - 7*q + 4. What is x(7)?
4
Let x(r) = r**3 + 78*r**2 + 91*r + 1069. Give x(-77).
-9
Let i(l) = -l**2 - 7*l - 3. What is i(-10)?
-33
Let h(a) = -a**3 + 3*a**2 - 7*a - 4. Determine h(0).
-4
Let z(y) = -y**3 - 10*y**2 - 27*y - 106. What is z(-8)?
-18
Let u(v) = -38*v**2 + 402*v + 166. What is u(11)?
-10
Let h(k) = -k**2 + 10. Determine h(4).
-6
Let a(t) = t**3 + 17*t**2 + 61*t + 3. Determine a(-5).
-2
Let a(b) = -b**2 + 94*b - 187. What is a(0)?
-187
Let f(t) = -t**3 + 78*t**2 + 164*t - 368. Determine f(80).
-48
Let h(d) = 422*d - 24051. What is h(57)?
3
Let z(g) = 28*g**2 - 44*g + 145. Calculate z(5).
625
Let f(l) = 16*l**2 + 8*l + 23. What is f(-3)?
143
Let s(b) = 511*b - 4079. Give s(8).
9
Let u(j) = -24*j - 508. Determine u(-20).
-28
Let v(a) = -a**3 - 8*a**2 + 14*a - 63. Give v(-10).
-3
Let j(f) = 34*f + 171. Determine j(-5).
1
Let m(l) = -4*l**2 - 244*l + 4205. What is m(-75)?
5
Let x(p) = -407*p - 5689. What is x(-14)?
9
Let n(j) = 14*j**2 + 412*j + 1958. What is n(-6)?
-10
Let i(k) = k**3 + 129*k**2 + 252*k - 258. Give i(-127).
-4
Let t(h) = -h**3 - 111*h**2 + 348*h + 670. Give t(-114).
-14
Let x(k) = k**3 - k**2 - 49*k - 1. Determine x(-6).
41
Let t(a) = a**2 - 25*a + 41. What is t(30)?
191
Let c(u) = -18*u**2 + 9*u - 18. Determine c(2).
-72
Let l(i) = -2*i**3 + 12*i**2 + 87*i - 568. Give l(6).
-46
Let a(n) = -n**2 - 96*n - 1994. Determine a(-64).
54
Let n(u) = -2*u**2 + 40*u + 228. What is n(21)?
186
Let o(r) = -2*r**3 + 32*r**2 - 53*r - 39. Give o(14).
3
Let s(g) = 706*g + 16207. Determine s(-23).
-31
Let n(r) = -r**3 - 3*r**2 + 48*r - 96. Calculate n(2).
-20
Let x(d) = d**3 - 7*d**2 - 101*d - 8. Determine x(-7).
13
Let y(n) = 25*n - 81. Give y(6).
69
Let d(v) = 13407*v + 67022. Calculate d(-5).
-13
Let h(t) = -139*t - 137. Determine h(-1).
2
Let r(z) = -82*z + 780. What is r(11)?
-122
Let c(t) = 333*t + 2304. Give c(-7).
-27
Let n(k) = -k**2 + 36*k + 415. Calculate n